. Is i prime?
True
Let n = 3 + 1. Let u be 1/3 + (-20)/(-30). Is (n - u)*158/6 composite?
False
Let n = -1613 - -2556. Is n composite?
True
Let q(j) = 11*j**2 - 3*j - 1. Let x be q(-2). Let d(y) = y**3 - 4*y**2 - 4*y - 1. Let a be d(5). Suppose -m - 4*s = 2*m - x, 0 = -a*m - s + 87. Is m composite?
False
Let c(h) = 12*h**2 + 5*h + 4. Is c(3) a prime number?
True
Let a(h) = h + 1. Let z be a(0). Let n be (-345)/(-20) - z/4. Suppose -n = -4*b + 35. Is b prime?
True
Let p(c) = c**3 - 6*c**2 + 7*c - 7. Let b be p(5). Let w(t) be the third derivative of 13*t**4/12 + t**3/6 + 6*t**2. Is w(b) composite?
False
Let g be 4/(-8)*(-6 - 0). Suppose 55 = -5*p - g*q, 4*p + 6*q - q = -31. Let r = 29 + p. Is r a composite number?
True
Let v = -2 - -6. Suppose -v*g = -3*m - 3, -3*m + 15 = -4*g + 6*g. Let h(f) = f**3 - f - 2. Is h(m) a composite number?
True
Is (-119)/(-2) + 10/(-20) prime?
True
Suppose 4*b + 5*i = -2 + 145, -2*b + 2*i = -94. Suppose 0 = 3*n - 21 - b. Is n prime?
False
Let t(y) = -y**3 + y**2 - y + 1. Let d be t(1). Suppose 4*i - 3*x - 344 = d, 2*i + i + 2*x - 275 = 0. Is i prime?
True
Let y(w) = 3*w**3 - 2*w**2 - 2*w - 1. Let k be y(-2). Let r = 5 - k. Is r composite?
True
Let l be 76*1 - 1 - 2. Let i be -1 - (3 - 2) - (0 - 158). Let t = i - l. Is t a composite number?
False
Let t(w) = 13*w + 4. Suppose 5 + 4 = 3*f. Is t(f) composite?
False
Let o = -1899 + 6770. Is o a prime number?
True
Let s = 21 + -29. Let z be 0 + (s - (2 - 3)). Let v = z - -16. Is v prime?
False
Suppose l + 20 = 5*l. Suppose -2 = -2*t, -l*t + 3 = -u - 2*t. Let i(b) = b + 10. Is i(u) composite?
True
Let a(l) = l**3 - 2*l**2 - 5*l + 4. Let y be a(3). Is 7/(-14) + (-51)/y a composite number?
True
Let v = 661 + -180. Is v a prime number?
False
Let v(c) = 3*c**2 + 4*c + 7. Let p(n) = -7*n**2 - 8*n - 15. Let g(q) = 4*p(q) + 9*v(q). Let y be (-10 - 2)*(-1)/3. Is g(y) a prime number?
True
Let s = 20 - 16. Is ((-19)/2*s)/(-2) a composite number?
False
Let h(d) = -47*d + 2. Is h(-3) a prime number?
False
Suppose 47 = 2*x + 4*m - 11, 38 = x - m. Is x a composite number?
True
Let j(p) be the first derivative of 3*p**4/4 + 5*p**3/3 - 7*p**2/2 + 11*p + 1. Is j(6) prime?
True
Suppose o = 3*d - d, -3*d = o - 10. Let q be 4/10 - d/5. Suppose 0 = -3*a - 5*s + 80, -5*s = 5*a - q*s - 150. Is a a composite number?
True
Let s = 165 - 44. Is s a composite number?
True
Let m(z) = z**3 - 2*z**2 + z + 1. Suppose 0 = -2*u - 26 + 2. Let f be ((-16)/u)/(2/6). Is m(f) composite?
False
Suppose -389 = -2*a + a. Is a a composite number?
False
Let p(h) = h**2 - 8*h + 5. Suppose 3*c + i = 23, 5*i = c + i - 25. Let o be p(c). Let d = o + 279. Is d composite?
False
Let o = 5 - 5. Let j be o + ((-4)/1)/(-2). Let u = j + 7. Is u prime?
False
Let v(c) = 32*c**3 - c - 1. Let j be v(-2). Let o = j - -950. Is o prime?
False
Suppose -2*k + 19 = 5*i - 8, -9 = -2*k + i. Suppose -4*w - 142 = -k*w. Is w composite?
False
Suppose -3*i = -5*j - 1350 - 3341, 0 = 4*i + 3*j - 6274. Is i a composite number?
False
Is (2 + (1 - 2))/((-9)/(-2979)) a composite number?
False
Let t(v) be the first derivative of 4*v**3/3 - v**2 + v + 9. Is t(-7) composite?
False
Let l be (2/6)/((-2)/(-18)). Suppose -2*g + 113 = -l*y - 36, 5*g + 4*y = 407. Is g a composite number?
False
Let l be -2*3/12*0. Let q be (l/2)/(3 - 4). Suppose q*w + 152 = 4*w. Is w a prime number?
False
Suppose 0 = -5*n + 5*h + 30, 4*h = -4*n + 16 - 0. Suppose -n*i = 4 + 16. Is ((-4)/(-6))/(i/(-582)) prime?
True
Let h be (-1)/2*(1 + -865). Let f(d) = -d**3 - 3*d**2 + 3*d + 1. Let w be f(-4). Suppose 161 = 4*r - j - h, -w*j = -r + 134. Is r composite?
False
Let d(i) be the second derivative of i**3/3 + 115*i**2/2 - 3*i. Is d(0) composite?
True
Suppose 0 = 4*x - 2*r - 17 - 127, -r + 118 = 3*x. Is x prime?
False
Let c(o) be the third derivative of o**5/60 - o**4/8 + 3*o**3/2 + 2*o**2. Suppose -a = -2*u + 15, 2*a = 5*u + a - 39. Is c(u) a composite number?
True
Let m = 28 - 14. Is m a composite number?
True
Let n(i) = 279*i + 1. Is n(4) prime?
True
Suppose b + 0*r = -5*r + 963, 2*r = -2*b + 1942. Is b composite?
True
Let o(c) = 6*c**3 - 7 + 1 + c + 2. Is o(3) prime?
False
Let o(b) = -b - 7. Let l be o(-5). Is -1 - l - (-286 + -6) composite?
False
Suppose 3*l - 4*f + 12 = -f, -2*l + f - 4 = 0. Let y(j) = -2*j + 379. Is y(l) a composite number?
False
Suppose 0 = -5*a - 6 + 26. Suppose -a*v = -7*v + 93. Is v a composite number?
False
Let o = -108 + 206. Suppose -a = a - o. Is a a composite number?
True
Suppose -28 = -0*y - 4*y. Let t = y - 4. Suppose 0 = 2*p + t*p + 3*h - 440, -p + 2*h + 101 = 0. Is p a prime number?
False
Let c = 184 + -130. Let o = 95 - c. Let n = o - 19. Is n a composite number?
True
Let m = -172 + 249. Let r(b) = -2 + 3 - 11*b + 0 + m*b. Is r(1) a prime number?
True
Let a(w) = -3*w**2 + 5*w - 3 + w**2 + 9*w**2 + 0. Is a(-4) a prime number?
True
Let z = -69 - -259. Let r = -57 + z. Is r a prime number?
False
Suppose g - 5*p = 27, 0 = -0*g - g - p - 3. Suppose 4*z = -g - 14. Let j(v) = -16*v + 1. Is j(z) composite?
True
Suppose 3*x + 12 = -u - 11, -2*x - 16 = u. Let q(r) = -3*r + 9*r + 6*r**2 + 2 - 5*r**2. Is q(x) a prime number?
False
Suppose 4*q = 4*s - 716, q = -s + 148 + 27. Is s a prime number?
False
Let m(i) = 120*i**2 + i. Is m(-1) prime?
False
Suppose 0 = 3*h - 2*i + 4*i - 211, 0 = 5*h + 3*i - 350. Is h prime?
True
Let q = 3 - 1. Suppose -q + 35 = -f + 4*w, 5*w = 2*f + 51. Let z = 23 + f. Is z a composite number?
True
Let m = 11 + -9. Suppose 0*a + a + m*y - 69 = 0, -2*y = -3*a + 215. Is a a prime number?
True
Suppose 3*v - 8 = -2. Suppose -5*n + 80 = v*i + 15, 3*i = -n + 78. Is i prime?
False
Is (12/8)/(-3)*(-3 + -5479) a composite number?
False
Let x be 416/9 - 4/18. Let y = x + -1. Suppose y = 5*w - 20. Is w a composite number?
False
Let n(m) = 71*m**2 - 5*m + 9. Let o(v) = -18*v**2 + v - 2. Let y(p) = -2*n(p) - 9*o(p). Suppose 0*c = -4*r + c - 7, 5*c - 10 = -5*r. Is y(r) prime?
True
Let l(p) = 2*p**2 + 9*p + 8. Let r be l(-6). Suppose -a - 4*c + r = -7, 0 = 4*c + 16. Is a composite?
True
Let u = -6 - -6. Suppose 25 = 5*s - u, 0 = 3*t - 5*s - 20. Is t a prime number?
False
Let l = 10 + 1. Let n = -38 - -79. Suppose l + n = 4*q. Is q a composite number?
False
Let n = -676 + 999. Is n composite?
True
Let y = -67 + 548. Is y prime?
False
Suppose -4*l = -2 - 6. Suppose -a + 41 = -2*x - 32, -l*x = 8. Is a composite?
True
Is 305/15 - 8/6 a composite number?
False
Suppose -5*z + 9 + 581 = 0. Is z a composite number?
True
Let s = -341 + 723. Let j be (-8)/(-28) - s/14. Let o = j + 41. Is o a composite number?
True
Let p be ((-4)/(-5))/((-2)/(-5)). Suppose -285 = -p*y - 3*y. Is y prime?
False
Suppose k = -3*k - 3*y + 6, 5*y = -3*k - 1. Let b(s) = s**3 + s**2 + s - 2. Is b(k) prime?
True
Let n = -335 + 611. Suppose -4*k = 4*r - n, 4*r - r = 0. Is k a prime number?
False
Suppose 0*a - 4*l - 21 = -3*a, -a + 5*l + 18 = 0. Is ((-380)/6)/(-5)*a a prime number?
False
Let f(b) = -668*b + 5. Is f(-1) composite?
False
Suppose m - 3 = 0, -3*r + m - 118 = -589. Suppose -3*c - 364 = c. Let s = r + c. Is s a composite number?
False
Suppose 4*c - 94 = -5*g - 15, -c - 4 = 0. Suppose -b - g = 1. Let y = b + 57. Is y a prime number?
True
Suppose 0 = 5*y + 3*n - 577, 2*y + 0*y = 2*n + 218. Is y a composite number?
False
Let o(r) = -r - 1. Let h(v) = 264*v + 2. Let w(y) = h(y) + 2*o(y). Let z be w(1). Is (0 + z)*(-1)/(-2) a composite number?
False
Let k = 17 - 15. Suppose 40 - 204 = -k*m. Is m composite?
True
Let t(q) = q + 9. Let u be t(-4). Suppose -2*n = -u*n. Suppose n = -5*g + 107 + 68. Is g a prime number?
False
Let c(f) = -119*f + 1. Let d be c(-4). Suppose -4*y + d = -y. Is y a prime number?
False
Let u(s) = 72*s - 15. Let z be u(12). Let a = z - 214. Is a a composite number?
True
Let j(v) = v**2 - 6*v - 4. Is j(-7) prime?
False
Let x = 318 - 101. Is x prime?
False
Let h(u) = -40*u + 64*u + 11 - 31*u. Suppose 3*b = 5*b + 16. Is h(b) prime?
True
Let f(u) = 36*u + 2. Let n be f(-2). Suppose y + 4*p - 162 = p, -y = -5*p - 154. Let m = n + y. Is m a prime number?
True
Suppose -2*s + 7*s - 4*a = 16, 3*s = 3*a + 9. Let o = 21 - s. Suppose b - 5 = -n, 4*n = 3*b - o - 33. Is b a composite number?
True
Let h(t) = 63*t**2 - 6*t - 29. Is h(6) composite?
False
Let j = -7 + 7. Su